- 2*t. Let q = t + 4. Suppose -q*j - 3*l + 126 = 0, 0 = -3*l + 9 + 6. List the prime factors of j.
37
Let y(t) = -t**3 + 8*t**2 - 6*t - 37. Let n be y(12). Let r = n + 1153. List the prime factors of r.
2, 3, 13
Let x = 99 + 13919. What are the prime factors of x?
2, 43, 163
Suppose -5*a - 9*g + 91673 = 0, -14*g = -a - 18*g + 18328. What are the prime factors of a?
2, 5, 7, 131
List the prime factors of (-6 - 12450/(-42))/((-5)/(-35)).
19, 107
Let l(b) = -4*b - 28. Suppose 11*x = 16*x + 40. Let h be l(x). Suppose -h*t - w + 61 = -136, -56 = -t + 2*w. List the prime factors of t.
2, 5
Let j = 36061 - 11970. What are the prime factors of j?
24091
Let m = 47 - -40. Suppose -3*c + m = -3*k, 3*k + 15 = c - 8. Suppose -33*o + c*o = -15. What are the prime factors of o?
3, 5
Suppose -8*q - 10 = -6*q, 3*c - 4*q = 6461. List the prime factors of c.
19, 113
Suppose -i - 59849 = -5*s + 11*i, -3*s + 2*i = -35925. What are the prime factors of s?
7, 29, 59
Let p = -5192 - -2338. Let t = 4072 + p. List the prime factors of t.
2, 3, 7, 29
List the prime factors of 2/(-30) - (-18467548)/870.
21227
Let b(g) = 20*g**3 - 102*g**2 - 4*g + 77. List the prime factors of b(10).
3, 1093
Suppose 0 = 60*n - 62*n + 2*x + 9272, 0 = 5*n + 2*x - 23173. What are the prime factors of n?
3, 5, 103
Let f(h) = -h**3 + h**2 - 6*h - 2. Let s be f(-5). Let j = 148 - 243. Let m = j + s. List the prime factors of m.
83
Let t = -3 + 5. Let y be 1/4 - (t + (-62)/8). Let h(b) = b**3 - 7*b**2 + 12*b - 9. List the prime factors of h(y).
3
Let l = 60 - 55. Suppose 0 = -l*v + 3*d + 188, 4*v + 4*d = 5*v - 41. Suppose v + 59 = 4*a. List the prime factors of a.
2, 3
Let i be (211/2)/(10 - 38/4). Suppose 0 = 3*n + 2*n. Suppose i*m - 209*m - 160 = n. List the prime factors of m.
2, 5
Let f = -7765 + 12217. List the prime factors of f.
2, 3, 7, 53
Suppose -7*h + h + 534214 = -4*d, 5*h + 4*d = 445215. What are the prime factors of h?
269, 331
Suppose -i + 4*j + 1500 = -10663, 0 = -2*i - 3*j + 24370. What are the prime factors of i?
19, 641
Suppose 63*s + 3930 = 53*s. Let v = -245 - s. What are the prime factors of v?
2, 37
Let h be (-6)/(-12)*(-3 + 9). Let m(s) = s - 1. Let o be m(h). Suppose -o*c - 4*r = c - 255, 5*c = 2*r + 425. List the prime factors of c.
5, 17
Suppose 0 = 3*m - 2*d - 1236, -4*d + 724 = 4*m - 924. What are the prime factors of m?
2, 103
Let n = -50056 - -85808. List the prime factors of n.
2, 41, 109
Let v(a) = 15*a**2 - 3*a - 1. Let g be v(2). Suppose 0 = -5*p + g + 17. List the prime factors of (2 - 16)*p/(-4).
7
Suppose 2*h - 31 = -5*c, -6*c + 7*c - h - 9 = 0. Let q(d) = d**3 - 11*d + 2 - 4*d**2 + 0*d**2 + d**2. List the prime factors of q(c).
11
Let v(b) = b + 2. Let t(j) = j**3 - 14*j**2 - j - 11. Let d(f) = -t(f) - 2*v(f). What are the prime factors of d(6)?
17
Let u = -39 + 38. Let a be (11 - 35)*u/(-3). List the prime factors of 3 + 64 + (a - -3).
2, 31
What are the prime factors of 14274 + (-143)/22*(-20)/65?
2, 43, 83
Let u be -3 + 5 - -4 - -41. Let n = u + 45. List the prime factors of n.
2, 23
Let s = -9271 - -15513. List the prime factors of s.
2, 3121
Let o = -37747 - -69688. List the prime factors of o.
3, 7, 13
Let v = 14 + -20. Let n be 207/2 + (-4 - -1)/v. Let i = -7 + n. List the prime factors of i.
97
Let v(f) = 391*f**2 + 115*f - 970. What are the prime factors of v(10)?
2, 5, 491
Let w = 502 + -223. Let a = -179 + w. What are the prime factors of a?
2, 5
Let d = 36717 + -10561. List the prime factors of d.
2, 13, 503
Suppose -556460 - 534676 = -78*j + 14*j. What are the prime factors of j?
3, 5683
Suppose 3550 = -6*w + w. Let q = w - -1324. List the prime factors of q.
2, 307
Let m(d) = -d**2 + 10*d - 15. Let l(i) = -2*i**2 + 9*i - 14. Let h(g) = -2*l(g) + 3*m(g). Let a be h(-17). Let f = a + -43. What are the prime factors of f?
5
Let a = -33 - -35. Suppose 535 = 5*s + 3*l, 0*s + a*l = s - 107. List the prime factors of (1 + s/2)*2.
109
Suppose 0 = -5*b - z + 19617, 0 = 5*b - 133*z + 128*z - 19605. What are the prime factors of b?
3923
Suppose -1 + 1 = -4*u. Suppose -j - 5*v + 1148 = u, 5*v = -4*j + v + 4656. Suppose 0 = 4*r - 12*r + j. What are the prime factors of r?
2, 73
Suppose 3*g = -2*z + 6, 3*z - 12 = -z - 3*g. Suppose -2*l - 8*h + 11*h = -853, -z*h = 4*l - 1733. What are the prime factors of l?
431
What are the prime factors of (405278055/(-168))/(-65) - 2/(32/6)?
3, 89, 139
What are the prime factors of (33434 - (18 - 29)) + 15?
2, 5, 7, 239
What are the prime factors of 6032 - (3 - 10) - 10?
6029
Let d(g) = 4*g + 13. Let z be d(9). Let i = z + -48. What are the prime factors of ((2 - -1) + -73)*i/(-1)?
2, 5, 7
Suppose -348*c + 657 = -339*c. Suppose -c*t = -69*t - 2444. What are the prime factors of t?
13, 47
Suppose -52*m + 2739 = -41*m - 93819. What are the prime factors of m?
2, 3, 7, 11, 19
Suppose -309*t - 6528672 = -9046126 - 12849734. List the prime factors of t.
2, 12433
Let c = -1 - 43. Let p = c - -40. What are the prime factors of (-4)/(-14) + (-566)/14*p?
2, 3
Let p be 0 + 1 + 0 - 37. Let z be -1 - p/7 - (-2)/(-14). Suppose 5*k - z*r - 516 = 18, -2*k + 208 = 4*r. List the prime factors of k.
2, 53
Suppose -128*x + 131*x - 180545 = 2*n, 4*x - 240760 = -4*n. List the prime factors of x.
5, 12037
Suppose -122*l + 2985672 = -22*l + 86*l. What are the prime factors of l?
2, 4013
Let x be (-195)/2*(-350)/(-35). Let a = -650 - x. What are the prime factors of a?
5, 13
Suppose 0 = 98*g - 1385931 + 313517. List the prime factors of g.
31, 353
Suppose -b + 150 = -j + 3, -j - 594 = -4*b. Suppose -y + 52 + b = 4*d, 0 = d - 4. List the prime factors of y.
5, 37
Let t(z) = -z**2 + 9*z - 14. Let o be 2 - ((-2 - -4 - 2) + 0). Let a be t(o). Suppose -2*g + 4*n + 46 = a, -5*g + 71 = n - 0*n. List the prime factors of g.
3, 5
Let d = -1630 - -4894. Suppose 9*r + d = 17*r. What are the prime factors of r?
2, 3, 17
Suppose -108*d + 4390509 = -15*d + 989034. List the prime factors of d.
5, 7, 11, 19
Suppose -169045 = -39*c + 12149. What are the prime factors of c?
2, 23, 101
Let j be ((-28)/70)/(3/(-218475)). Suppose 25*m - j = -5*m. What are the prime factors of m?
971
Suppose 2*i + 22 = 2*g, 2*i = -3*g - 9 + 32. Suppose g*b + 29 = -7. List the prime factors of 124 + -1 + b/(-8)*-2.
2, 61
Let b = -469 - -8240. What are the prime factors of b?
19, 409
Let z = 7994 - 3744. What are the prime factors of z?
2, 5, 17
Let m be 233 + (-1 - -6) + -2. Let b(h) = -336*h**2 + 336*h**2 - m*h**3. List the prime factors of b(-1).
2, 59
Suppose -286447 = -26*i - 125*i. List the prime factors of i.
7, 271
Suppose 0 = 14*x - 12*x. Suppose -3 - 9 = -4*q + 3*o, x = -3*o. Suppose 5*b - 4*y = 157, 2*y = -b + q*y + 32. What are the prime factors of b?
29
Let r = 29897 - 21331. What are the prime factors of r?
2, 4283
Let h be (-24)/(-16)*-1*(0 + 2). List the prime factors of 90/5 + (-3 - h) + 0.
2, 3
Let o(v) be the second derivative of 69*v**5/2 - v**3/6 + 2*v + 10. List the prime factors of o(1).
13, 53
Let c be 14 - (-202555)/136 - 6/16. Let b = 2388 - c. List the prime factors of b.
3, 5, 59
Let p(y) = -26*y - 10. Let z be p(-5). Suppose 9*i - 3*i = -z. What are the prime factors of (i/(-15))/(2/3) - -88?
2, 3, 5
Suppose -147288 = 240*j - 264*j. List the prime factors of j.
17, 19
Let b = -33945 + 52515. List the prime factors of b.
2, 3, 5, 619
Let w(a) = 2*a**2 + 10*a + 6. Let k be w(-4). List the prime factors of (k/(-13) + (-119)/182)*-4.
2
Let o(k) = -8258*k + 155. What are the prime factors of o(-1)?
47, 179
Let d(s) = 3*s**2 - 6*s - 81. List the prime factors of d(68).
3, 1487
Let c(n) be the second derivative of 13*n**3/2 - 95*n**2/2 - n + 11. What are the prime factors of c(17)?
2, 71
Suppose 40*a - 37*a + b = 16416, -3*a - 4*b + 16398 = 0. What are the prime factors of a?
2, 7, 17, 23
Suppose 5*d = 4*d + 897. Suppose 2*h = b + 611, -4*b + d = 3*h + b. List the prime factors of h.
2, 19
Let y(c) = c**2 + 9*c - 12. Let q be y(-11). Let r(h) = -31*h - 48. Let g(w) = 16*w + 25. Let s(b) = 5*g(b) + 2*r(b). What are the prime factors of s(q)?
11, 19
Let z be 19/2 - 1*(-36)/24. Let x(h) = h**3 + 4*h**2. Let a be x(-4). List the prime factors of 1*(a + -1 + 6*z).
5, 13
Suppose -101 = 4*d + 3675. What are the prime factors of d/(-12) - (2 - (-28)/(-12))?
79
Let a(